{"id":5384,"date":"2024-09-27T11:01:19","date_gmt":"2024-09-27T09:01:19","guid":{"rendered":"https:\/\/www.lareferencepierre.fr\/accueil\/?page_id=5384"},"modified":"2025-05-05T12:25:26","modified_gmt":"2025-05-05T10:25:26","slug":"mon-espace-prive","status":"publish","type":"page","link":"https:\/\/www.lareferencepierre.fr\/accueil\/mon-espace-prive\/","title":{"rendered":"Mon espace priv\u00e9"},"content":{"rendered":"\n<div class=\"wp-block-group has-global-padding is-layout-constrained wp-container-core-group-is-layout-2 wp-block-group-is-layout-constrained\" style=\"padding-top:var(--wp--preset--spacing--plus-3);padding-bottom:var(--wp--preset--spacing--plus-3)\"><style>\n    .block-editor__container .home-header img {\n        display: none !important;\n    }\n<\/style>\n<div  class=\"home-header no-anim login-page alignwide\" >\n    \n<img decoding=\"async\" src=\"https:\/\/www.lareferencepierre.fr\/accueil\/wp-content\/uploads\/1-700x700.jpg\" alt=\"\" class=\"image_1\" data-scroll=\"\" data-scroll-speed=\"-0.05\"><img decoding=\"async\" src=\"https:\/\/www.lareferencepierre.fr\/accueil\/wp-content\/uploads\/8-700x700.jpg\" alt=\"\" class=\"image_2\" data-scroll=\"\" data-scroll-speed=\"-0.1\"><img decoding=\"async\" src=\"https:\/\/www.lareferencepierre.fr\/accueil\/wp-content\/uploads\/2-700x700.jpg\" alt=\"\" class=\"image_3\" data-scroll=\"\" data-scroll-speed=\"0.25\"><img decoding=\"async\" src=\"https:\/\/www.lareferencepierre.fr\/accueil\/wp-content\/uploads\/10-700x700.jpg\" alt=\"\" class=\"image_4\" data-scroll=\"\" data-scroll-speed=\"0.2\"><img decoding=\"async\" src=\"https:\/\/www.lareferencepierre.fr\/accueil\/wp-content\/uploads\/3-700x700.jpg\" alt=\"\" class=\"image_5\" data-scroll=\"\" data-scroll-speed=\"-0.15\"><img decoding=\"async\" src=\"https:\/\/www.lareferencepierre.fr\/accueil\/wp-content\/uploads\/9-700x700.jpg\" alt=\"\" class=\"image_6\" data-scroll=\"\" data-scroll-speed=\"-0.1\"><img decoding=\"async\" src=\"https:\/\/www.lareferencepierre.fr\/accueil\/wp-content\/uploads\/4-700x700.jpg\" alt=\"\" class=\"image_7\" data-scroll=\"\" data-scroll-speed=\"0.25\"><img decoding=\"async\" src=\"https:\/\/www.lareferencepierre.fr\/accueil\/wp-content\/uploads\/11-700x700.jpg\" alt=\"\" class=\"image_8\" data-scroll=\"\" data-scroll-speed=\"0.3\">\n    <div class=\"acf-innerblocks-container\">\n\n<div class=\"wp-block-imcr-blocks-responsive-spacer\"><div style=\"height:112px\"><\/div><div style=\"height:0\"><\/div><\/div>\n\n\n\n<div class=\"wp-block-group has-global-padding is-layout-constrained wp-container-core-group-is-layout-1 wp-block-group-is-layout-constrained\">\n<h1 class=\"wp-block-heading has-text-align-center\">Mon espace<br><mark style=\"background-color:#00a7ab\" class=\"has-inline-color\"><sub>priv\u00e9<\/sub><\/mark><\/h1>\n\n\n\n<div class=\"wp-block-imcr-blocks-responsive-spacer\"><div style=\"height:32px\"><\/div><div style=\"height:32px\"><\/div><\/div>\n\n\n\n<p class=\"has-text-align-center\">Connectez-vous \u00e0 votre espace partenaire&nbsp;et acc\u00e9dez&nbsp;\u00e0 toutes les fonctionnalit\u00e9s&nbsp;et \u00e0 l&rsquo;ensemble de l&rsquo;offre produits.<\/p>\n\n\n\n<div class=\"wp-block-imcr-blocks-responsive-spacer\"><div style=\"height:32px\"><\/div><div style=\"height:32px\"><\/div><\/div>\n\n\n\n<div class=\"wp-block-columns is-layout-flex wp-container-core-columns-is-layout-1 wp-block-columns-is-layout-flex\">\n<div class=\"wp-block-column is-layout-flow wp-block-column-is-layout-flow\">\n<div class=\"wp-block-buttons is-content-justification-center is-layout-flex wp-container-core-buttons-is-layout-1 wp-block-buttons-is-layout-flex\">\n<div class=\"wp-block-button \"><a class=\"wp-block-button__link wp-element-button\" href=\"https:\/\/extranet.lareferencepierre.fr\/\" target=\"_blank\" rel=\"noreferrer noopener\">Acc\u00e9der \u00e0 mon espace partenaire<\/a><\/div>\n<\/div>\n<\/div>\n<\/div>\n\n\n\n<div class=\"wp-block-imcr-blocks-responsive-spacer\"><div style=\"height:32px\"><\/div><div style=\"height:32px\"><\/div><\/div>\n\n\n\n<h3 class=\"wp-block-heading has-text-align-center\">Vous n\u2019\u00eates pas encore partenaire LRP ?<\/h3>\n\n\n\n<div class=\"wp-block-imcr-blocks-responsive-spacer\"><div style=\"height:16px\"><\/div><div style=\"height:16px\"><\/div><\/div>\n\n\n\n<div class=\"wp-block-buttons is-content-justification-center is-layout-flex wp-container-core-buttons-is-layout-2 wp-block-buttons-is-layout-flex\">\n<div class=\"wp-block-button is-style-link is-style-link--1\"><a class=\"wp-block-button__link wp-element-button\" href=\"https:\/\/www.lareferencepierre.fr\/accueil\/devenir-partenaire\/\">Devenir Partenaire<\/a><\/div>\n<\/div>\n<\/div>\n\n\n\n<div class=\"wp-block-imcr-blocks-responsive-spacer\"><div style=\"height:176px\"><\/div><div style=\"height:16px\"><\/div><\/div>\n\n<\/div>\n\n<\/div>\n<\/div>\n","protected":false},"excerpt":{"rendered":"","protected":false},"author":1,"featured_media":0,"parent":0,"menu_order":0,"comment_status":"closed","ping_status":"closed","template":"","meta":{"_acf_changed":false,"footnotes":""},"class_list":["post-5384","page","type-page","status-publish","hentry"],"acf":[],"yoast_head":"<!-- This site is optimized with the Yoast SEO plugin v24.2 - https:\/\/yoast.com\/wordpress\/plugins\/seo\/ -->\n<title>Mon espace priv\u00e9 - LRP<\/title>\n<meta name=\"description\" content=\"Mon espacepriv\u00e9 Connectez-vous \u00e0 votre espace partenaire&nbsp;et acc\u00e9dez&nbsp;\u00e0 toutes les fonctionnalit\u00e9s&nbsp;et \u00e0 l&#039;ensemble de l&#039;offre produits.\" \/>\n<meta name=\"robots\" content=\"index, follow, max-snippet:-1, max-image-preview:large, max-video-preview:-1\" \/>\n<link rel=\"canonical\" href=\"https:\/\/www.lareferencepierre.fr\/accueil\/mon-espace-prive\/\" \/>\n<meta property=\"og:locale\" content=\"fr_FR\" \/>\n<meta property=\"og:type\" content=\"article\" \/>\n<meta property=\"og:title\" content=\"Mon espace priv\u00e9 - LRP\" \/>\n<meta property=\"og:description\" content=\"Mon espacepriv\u00e9 Connectez-vous \u00e0 votre espace partenaire&nbsp;et acc\u00e9dez&nbsp;\u00e0 toutes les fonctionnalit\u00e9s&nbsp;et \u00e0 l&#039;ensemble de l&#039;offre produits.\" \/>\n<meta property=\"og:url\" content=\"https:\/\/www.lareferencepierre.fr\/accueil\/mon-espace-prive\/\" \/>\n<meta property=\"og:site_name\" content=\"LRP\" \/>\n<meta property=\"article:modified_time\" content=\"2025-05-05T10:25:26+00:00\" \/>\n<meta name=\"twitter:card\" content=\"summary_large_image\" \/>\n<meta name=\"twitter:label1\" content=\"Dur\u00e9e de lecture estim\u00e9e\" \/>\n\t<meta name=\"twitter:data1\" content=\"1 minute\" \/>\n<script type=\"application\/ld+json\" class=\"yoast-schema-graph\">{\"@context\":\"https:\/\/schema.org\",\"@graph\":[{\"@type\":\"WebPage\",\"@id\":\"https:\/\/www.lareferencepierre.fr\/accueil\/mon-espace-prive\/\",\"url\":\"https:\/\/www.lareferencepierre.fr\/accueil\/mon-espace-prive\/\",\"name\":\"Mon espace priv\u00e9 - LRP\",\"isPartOf\":{\"@id\":\"https:\/\/www.lareferencepierre.fr\/accueil\/#website\"},\"datePublished\":\"2024-09-27T09:01:19+00:00\",\"dateModified\":\"2025-05-05T10:25:26+00:00\",\"description\":\"Mon espacepriv\u00e9 Connectez-vous \u00e0 votre espace partenaire&nbsp;et acc\u00e9dez&nbsp;\u00e0 toutes les fonctionnalit\u00e9s&nbsp;et \u00e0 l'ensemble de l'offre produits.\",\"breadcrumb\":{\"@id\":\"https:\/\/www.lareferencepierre.fr\/accueil\/mon-espace-prive\/#breadcrumb\"},\"inLanguage\":\"fr-FR\",\"potentialAction\":[{\"@type\":\"ReadAction\",\"target\":[\"https:\/\/www.lareferencepierre.fr\/accueil\/mon-espace-prive\/\"]}]},{\"@type\":\"BreadcrumbList\",\"@id\":\"https:\/\/www.lareferencepierre.fr\/accueil\/mon-espace-prive\/#breadcrumb\",\"itemListElement\":[{\"@type\":\"ListItem\",\"position\":1,\"name\":\"Accueil\",\"item\":\"https:\/\/www.lareferencepierre.fr\/accueil\/\"},{\"@type\":\"ListItem\",\"position\":2,\"name\":\"Mon espace priv\u00e9\"}]},{\"@type\":\"WebSite\",\"@id\":\"https:\/\/www.lareferencepierre.fr\/accueil\/#website\",\"url\":\"https:\/\/www.lareferencepierre.fr\/accueil\/\",\"name\":\"LRP\",\"description\":\"\",\"publisher\":{\"@id\":\"https:\/\/www.lareferencepierre.fr\/accueil\/#organization\"},\"potentialAction\":[{\"@type\":\"SearchAction\",\"target\":{\"@type\":\"EntryPoint\",\"urlTemplate\":\"https:\/\/www.lareferencepierre.fr\/accueil\/?s={search_term_string}\"},\"query-input\":{\"@type\":\"PropertyValueSpecification\",\"valueRequired\":true,\"valueName\":\"search_term_string\"}}],\"inLanguage\":\"fr-FR\"},{\"@type\":\"Organization\",\"@id\":\"https:\/\/www.lareferencepierre.fr\/accueil\/#organization\",\"name\":\"LRP\",\"url\":\"https:\/\/www.lareferencepierre.fr\/accueil\/\",\"logo\":{\"@type\":\"ImageObject\",\"inLanguage\":\"fr-FR\",\"@id\":\"https:\/\/www.lareferencepierre.fr\/accueil\/#\/schema\/logo\/image\/\",\"url\":\"https:\/\/www.lareferencepierre.fr\/accueil\/wp-content\/uploads\/logo-lrp.svg\",\"contentUrl\":\"https:\/\/www.lareferencepierre.fr\/accueil\/wp-content\/uploads\/logo-lrp.svg\",\"width\":89,\"height\":72,\"caption\":\"LRP\"},\"image\":{\"@id\":\"https:\/\/www.lareferencepierre.fr\/accueil\/#\/schema\/logo\/image\/\"}}]}<\/script>\n<!-- \/ Yoast SEO plugin. -->","yoast_head_json":{"title":"Mon espace priv\u00e9 - LRP","description":"Mon espacepriv\u00e9 Connectez-vous \u00e0 votre espace partenaire&nbsp;et acc\u00e9dez&nbsp;\u00e0 toutes les fonctionnalit\u00e9s&nbsp;et \u00e0 l'ensemble de l'offre produits.","robots":{"index":"index","follow":"follow","max-snippet":"max-snippet:-1","max-image-preview":"max-image-preview:large","max-video-preview":"max-video-preview:-1"},"canonical":"https:\/\/www.lareferencepierre.fr\/accueil\/mon-espace-prive\/","og_locale":"fr_FR","og_type":"article","og_title":"Mon espace priv\u00e9 - LRP","og_description":"Mon espacepriv\u00e9 Connectez-vous \u00e0 votre espace partenaire&nbsp;et acc\u00e9dez&nbsp;\u00e0 toutes les fonctionnalit\u00e9s&nbsp;et \u00e0 l'ensemble de l'offre produits.","og_url":"https:\/\/www.lareferencepierre.fr\/accueil\/mon-espace-prive\/","og_site_name":"LRP","article_modified_time":"2025-05-05T10:25:26+00:00","twitter_card":"summary_large_image","twitter_misc":{"Dur\u00e9e de lecture estim\u00e9e":"1 minute"},"schema":{"@context":"https:\/\/schema.org","@graph":[{"@type":"WebPage","@id":"https:\/\/www.lareferencepierre.fr\/accueil\/mon-espace-prive\/","url":"https:\/\/www.lareferencepierre.fr\/accueil\/mon-espace-prive\/","name":"Mon espace priv\u00e9 - LRP","isPartOf":{"@id":"https:\/\/www.lareferencepierre.fr\/accueil\/#website"},"datePublished":"2024-09-27T09:01:19+00:00","dateModified":"2025-05-05T10:25:26+00:00","description":"Mon espacepriv\u00e9 Connectez-vous \u00e0 votre espace partenaire&nbsp;et acc\u00e9dez&nbsp;\u00e0 toutes les fonctionnalit\u00e9s&nbsp;et \u00e0 l'ensemble de l'offre produits.","breadcrumb":{"@id":"https:\/\/www.lareferencepierre.fr\/accueil\/mon-espace-prive\/#breadcrumb"},"inLanguage":"fr-FR","potentialAction":[{"@type":"ReadAction","target":["https:\/\/www.lareferencepierre.fr\/accueil\/mon-espace-prive\/"]}]},{"@type":"BreadcrumbList","@id":"https:\/\/www.lareferencepierre.fr\/accueil\/mon-espace-prive\/#breadcrumb","itemListElement":[{"@type":"ListItem","position":1,"name":"Accueil","item":"https:\/\/www.lareferencepierre.fr\/accueil\/"},{"@type":"ListItem","position":2,"name":"Mon espace priv\u00e9"}]},{"@type":"WebSite","@id":"https:\/\/www.lareferencepierre.fr\/accueil\/#website","url":"https:\/\/www.lareferencepierre.fr\/accueil\/","name":"LRP","description":"","publisher":{"@id":"https:\/\/www.lareferencepierre.fr\/accueil\/#organization"},"potentialAction":[{"@type":"SearchAction","target":{"@type":"EntryPoint","urlTemplate":"https:\/\/www.lareferencepierre.fr\/accueil\/?s={search_term_string}"},"query-input":{"@type":"PropertyValueSpecification","valueRequired":true,"valueName":"search_term_string"}}],"inLanguage":"fr-FR"},{"@type":"Organization","@id":"https:\/\/www.lareferencepierre.fr\/accueil\/#organization","name":"LRP","url":"https:\/\/www.lareferencepierre.fr\/accueil\/","logo":{"@type":"ImageObject","inLanguage":"fr-FR","@id":"https:\/\/www.lareferencepierre.fr\/accueil\/#\/schema\/logo\/image\/","url":"https:\/\/www.lareferencepierre.fr\/accueil\/wp-content\/uploads\/logo-lrp.svg","contentUrl":"https:\/\/www.lareferencepierre.fr\/accueil\/wp-content\/uploads\/logo-lrp.svg","width":89,"height":72,"caption":"LRP"},"image":{"@id":"https:\/\/www.lareferencepierre.fr\/accueil\/#\/schema\/logo\/image\/"}}]}},"mfb_rest_fields":["yoast_head","yoast_head_json"],"_links":{"self":[{"href":"https:\/\/www.lareferencepierre.fr\/accueil\/wp-json\/wp\/v2\/pages\/5384","targetHints":{"allow":["GET"]}}],"collection":[{"href":"https:\/\/www.lareferencepierre.fr\/accueil\/wp-json\/wp\/v2\/pages"}],"about":[{"href":"https:\/\/www.lareferencepierre.fr\/accueil\/wp-json\/wp\/v2\/types\/page"}],"author":[{"embeddable":true,"href":"https:\/\/www.lareferencepierre.fr\/accueil\/wp-json\/wp\/v2\/users\/1"}],"replies":[{"embeddable":true,"href":"https:\/\/www.lareferencepierre.fr\/accueil\/wp-json\/wp\/v2\/comments?post=5384"}],"version-history":[{"count":25,"href":"https:\/\/www.lareferencepierre.fr\/accueil\/wp-json\/wp\/v2\/pages\/5384\/revisions"}],"predecessor-version":[{"id":13005,"href":"https:\/\/www.lareferencepierre.fr\/accueil\/wp-json\/wp\/v2\/pages\/5384\/revisions\/13005"}],"wp:attachment":[{"href":"https:\/\/www.lareferencepierre.fr\/accueil\/wp-json\/wp\/v2\/media?parent=5384"}],"curies":[{"name":"wp","href":"https:\/\/api.w.org\/{rel}","templated":true}]}}